4*y**2 - 7*y - 7. Let u(p) = -3*b(p) - 2*h(p). Give u(6).
8
Let v(n) = -2*n**2 - 3*n + 5. Let i(h) = -3*h**2 - 4*h + 6. Let j(z) = -5*i(z) + 6*v(z). Let m(c) = -c + 2. Suppose 21 = 4*u + 5. Let a be m(u). Give j(a).
8
Let t(q) be the first derivative of -3*q**2/2 + 3*q + 9. Calculate t(7).
-18
Let h(j) = j**3 - 4*j - 3. Let m be h(-2). Let z(b) = -2*b**2 - b + 4. Calculate z(m).
-11
Let o(b) be the second derivative of b**4/24 - b**3/6 + b**2 - 2*b. Let f(s) be the first derivative of o(s). What is f(1)?
0
Let q(g) be the first derivative of -g**4/4 - 5*g**3/3 + 7*g**2/2 + g - 3. Determine q(-6).
-5
Let k(v) = v - 3. Suppose 5*m = 2*t + t + 145, -4*t = 0. Suppose 4*c - m = y - 2*y, -3*y - 11 = -2*c. Suppose -c = -p + f, 7*f - 2*f + 20 = 2*p. What is k(p)?
2
Let y(o) = 3*o**2 + 3*o**3 - 4*o**2 - 6 - 2*o**3. Let k = -2 - 2. Let n be (1 + -1)/(k + 5). What is y(n)?
-6
Let c(j) = 3*j**2 - 1 + 8*j**2 + j**3 - 4 + 0*j**3 + 9*j. Calculate c(-10).
5
Let q be (16/12)/(2/6). Suppose -q*z - 25 = -i, 0 + 10 = -5*z - 3*i. Let l(n) = n. Give l(z).
-5
Let l(a) = -36 - 32 + a + 69. Suppose -4*j + 4*d = -4, -4*j + d - 2*d + 29 = 0. Determine l(j).
7
Let n be 1/1 - 12/(-3). Suppose -5*z - 2 = -0*i + i, n*i + 4*z = 11. Let u be i/(-2)*8/(-6). Let y(x) = -x**2 + 6*x - 3. Determine y(u).
5
Let n = 139 + -145. Let o(f) = -4*f. Give o(n).
24
Let q be (-33)/(-9) - 4/6. Let j(o) = 6*o. Let d(h) = 4*h - 5*h - 6*h. Let r(n) = q*j(n) + 2*d(n). Give r(-1).
-4
Let o = -5/44 + 9/55. Let t(j) be the second derivative of -1/2*j**4 + 0 + 3*j + 3*j**2 + 1/6*j**3 - o*j**5. Give t(-6).
0
Let s(o) = -2*o**3 - o**2 - o - 2. Let c(w) = w**3 - 12*w**2 + 20*w - 2. Let m be c(10). What is s(m)?
12
Suppose 20 = 8*b - 12*b. Let s(a) = a**3 + 3*a**2 - 8*a - 5. Calculate s(b).
-15
Let o be -1 - 2 - (-14)/2. Suppose 2*g - 4 = -2*g - 3*a, -o*a - 5 = -5*g. Let v(u) = 13*u - 1. Give v(g).
12
Let u be ((-4)/6)/(10/45). Let i(x) = 10*x**2 + 9*x - 6. Let w(z) = 3*z**2 + 3*z - 2. Let n(b) = -2*i(b) + 7*w(b). Determine n(u).
-2
Let q = 5 + -16. Let c be (-2)/q - 516/(-66). Let o(p) = -c*p**2 + p**2 + 8 - p**3 - 5*p - 9. What is o(-6)?
-7
Let f = 3 - -2. Let n(y) = -8 + y - 6 + 4. What is n(f)?
-5
Suppose 2*v - 5*f = 4*v + 17, 5*v - 15 = -f. Suppose -6*y + 8 = v*l - 2*y, -l = -y - 10. Let h(m) = -m + 7. Give h(l).
1
Let d(f) be the first derivative of 7*f**2 + f - 4. Give d(-1).
-13
Let n(s) be the second derivative of 3*s**5/20 - s**4/12 - s**3/6 + 4*s. Give n(-1).
-3
Suppose -1 = -2*u + 3. Let t(o) = -1 - o - 6*o**u - o**2 + 3*o**2. Suppose 17 = 5*q + 5*x + 2, -3*q + 17 = 5*x. Give t(q).
-4
Let x(y) be the third derivative of y**6/360 + y**5/40 + y**4/6 + 2*y**3/3 - 7*y**2. Let m(h) be the first derivative of x(h). Determine m(-4).
8
Suppose -3*y + 5*b - 18 = -7, -5*b = -5*y - 5. Let d(r) = -r**2 + 7. Let x(a) = a - 1. Let n(j) = d(j) + 3*x(j). What is n(y)?
4
Let u(s) = 5*s**3 - 9*s - 2. Let l(o) be the second derivative of o**5/5 + o**4/12 - 4*o**3/3 - 3*o**2/2 - 3*o. Let d(h) = -4*l(h) + 3*u(h). Determine d(-5).
6
Let p(l) be the first derivative of -l**3/3 + l**2 - 3*l - 10. Determine p(2).
-3
Suppose -10 = -w - 2*n, 5*w - 5*n - 7 + 17 = 0. Let x(c) = -2*c**2 + 3*c - 1. Determine x(w).
-3
Let q(n) = -2*n - 10. Let b be q(-10). Suppose 30 - b = 4*w. Let l(x) = x**2 - 4*x - 4. Calculate l(w).
1
Let s(i) = -i**3 + 3*i**2 + 4*i. Let r be s(4). Suppose -4*h + 10 = -2*j + 2, 2*j + 6 = 3*h. Let u(g) = g**h + 2 - g**3 + 2 + 4. Determine u(r).
8
Let w(x) be the second derivative of 0 - 1/3*x**3 - 6*x - 2*x**2. Determine w(4).
-12
Suppose 13 = -4*p - 11. Let z be ((-2)/p)/((-4)/(-24)). Let o(y) = -2 + 1 + 2*y - 2*y**2 - 2*y**z + y**3. Give o(4).
7
Let t(y) be the first derivative of y**4/4 - 2*y**3 + 3*y**2/2 - 6*y + 10. Give t(5).
-16
Let f(u) = u**3 + u**2 + u + 1. Let g(r) = -r**2 - 5*r - 5. Let w be g(-4). Give f(w).
0
Let z(l) = -l - 7. Let v(y) = -3*y + 9. Let h(i) = 2*i - 10. Let d(b) = 6*h(b) + 5*v(b). Let t(m) = -3*d(m) + 7*z(m). Calculate t(4).
4
Let q(p) = 49 - 26 - 26 + p**2 - 6*p. What is q(6)?
-3
Let r(p) = 3 - 7*p + 12*p - 1 - p**2 - 12*p. Calculate r(-4).
14
Let t be (4/(-1))/(-2 + 1). Suppose 5*b + 3*x - 8 = -t, -5*b + x = -12. Let l(a) = -4*a**2 + 3*a - 1. Calculate l(b).
-11
Let l = -3 - -3. Let w(g) = 0*g**3 - g - g**3 + l*g**3 - 5*g**2 + 0*g**2 + 1. Determine w(-5).
6
Let i(v) = -v**2 + 4*v - 1. Suppose 2*y - 5*a = 4*y - 28, 2*a = 2*y. What is i(y)?
-1
Let p(s) = s**3 + 4*s**2 + 5*s. Let w(i) = 5*i**3 + 21*i**2 + 26*i. Let f(j) = j**2 - 12*j + 11. Let z be f(12). Let x(r) = z*p(r) - 2*w(r). Give x(-2).
-6
Suppose 0 = -2*m + 3*d + 11 - 3, -3 = -m + d. Let n = -2 + m. Let j(a) = -13 - 4*a + 8 - 3*a + 4. Determine j(n).
6
Let d(i) = 4*i + 1. Let o(t) = 2*t**3 + 5*t**2 + 7*t - 8. Let z(s) = 3*s**3 + 10*s**2 + 14*s - 15. Let g(v) = -5*o(v) + 3*z(v). Let j be g(6). What is d(j)?
5
Let i = -8 - -4. Let t be (-1)/i - (-83)/4. Let v(p) = 22 - t + p**2 - 4*p - 2*p. What is v(4)?
-7
Let x(f) = -f**2 + 6*f - 2. Let w be x(5). Let z(t) = 1 - w*t + 2*t - 1. Give z(2).
-2
Let d be 2/10 - (-22)/(-110). Let l(j) be the third derivative of d + 1/15*j**5 + 1/120*j**6 - 3*j**2 + 0*j - 1/6*j**4 - 2/3*j**3. Give l(-5).
-9
Suppose 2*k + 4*j = -14, 5*j = k - 0*k - 21. Let o(b) = 4 + 6 - k - b. What is o(4)?
5
Suppose 2*j + 6 - 14 = 0. Let t(c) = -4*c**2 + 3*c**2 - 3*c - 3*c**2 + c**2 + c**3 + 1. Give t(j).
5
Let p(x) = -5*x - 6*x**2 + 2*x**3 + 2 - 3*x**3 + 0 + 1. Let w(s) = -s**2 + 8*s - 5. Let m be w(8). Determine p(m).
3
Suppose 0 = 5*r + 5*u + 5, -2 = 5*r + 3*u - 7. Suppose -r*q - 9 = -25. Let t(b) = -2*b**2 + 7*b - 5. Determine t(q).
-9
Let j(i) = -5*i**2 - 11*i + 16. Let h(p) = 2*p**2 + 6*p - 8. Let u(q) = 7*h(q) + 3*j(q). Give u(6).
10
Let w(p) = -2*p - 6. Let y(j) = -j - 1. Let d be y(4). Give w(d).
4
Let q(r) be the third derivative of r**8/6720 + r**7/504 + r**6/240 - r**5/60 - r**4/8 - r**2. Let b(m) be the second derivative of q(m). Give b(-4).
2
Suppose -23*i = -58 + 196. Let w(t) = 3*t + 16. Let z(l) = -l - 5. Let s(n) = 3*w(n) + 8*z(n). Determine s(i).
2
Let b = -26 + 26. Let o be (-22)/(-8) - (-2)/8. Let q(g) = -o + g - 6 + 3. What is q(b)?
-6
Let h(m) = m**3 - m. Suppose 4*z = 3*z. Let r = 3 - z. Suppose 1 = -4*k - r. Give h(k).
0
Let c(r) be the first derivative of -4 - 7/3*r**3 + 1/2*r**2 + r. What is c(-1)?
-7
Let a(g) = -g**2 + g - 5. Let s(y) = 2*y - 10. Let p be s(7). Let n(i) = -2*i + p*i - i. Let j be n(0). Determine a(j).
-5
Let n(s) be the first derivative of -s**4/4 + 2*s**3/3 - s + 10. Let p be 0 + 3 + -2*1. Suppose p = 5*z - 4. Determine n(z).
0
Let l be 4/6*18/2. Let p(i) = -i**2 + 7*i + 8. What is p(l)?
14
Let v(l) = l**3 + 4*l**2 + 2*l + 2. Let m = 21 - 24. Calculate v(m).
5
Let v(x) = 8*x - x**2 + 2*x - 16*x. Suppose 15 = -4*n - 1. Give v(n).
8
Let r(f) = -f**3 - 6*f**2 - 5*f - 4. Suppose 3*t + s = -8, -2*s + 4 - 2 = 0. Calculate r(t).
-16
Let v(a) = a. Let p(q) = 6*q. Suppose 3*o + 4 - 1 = 0. Let c(m) = o*p(m) + 4*v(m). Determine c(5).
-10
Let w(p) be the first derivative of 2 - 7*p + 7/2*p**2 - 2*p**3 + 1/4*p**4. Suppose 0*m = m - 5. What is w(m)?
3
Let b(q) = q - 22. Let c be b(17). Let a(m) = -m**3 - 6*m**2 - 3*m + 2. Give a(c).
-8
Let m(j) be the first derivative of j**4/4 + 8*j**3/3 + 3*j**2 - 2*j + 16. What is m(-7)?
5
Suppose 7*a - 4*a - 5*b - 2 = 0, 0 = -4*b + 8. Let f(z) = 3 + 4*z - 4 + a*z - 4*z + z**2. What is f(-5)?
4
Let k be (-4 - -9) + 10/(-5). Let c(w) = -2*w**2 + 3*w + 2. What is c(k)?
-7
Let n(p) be the third derivative of -p**6/120 + p**5/20 + p**4/12 - 2*p**3/3 - 36*p**2. Give n(3).
2
Let y be 2/4*-2 + 7. Suppose 18 - y = 2*a. Let h(k) = 3*k**2 + 0*k**3 - a*k**3 - 5*k**2 - k. Give h(-1).
5
Let h(z) be the second derivative of -z**3/3 - 3*z**2/2 + 15*z. Determine h(3).
-9
Let r(o) = -3*o. Let f(c) = -c**3 - 6*c**2 - 5*c - 1. Let k(m) = m**2 - 8*m - 5. Let d be k(8). Let u be f(d). Determine r(u).
3
Let m(w) = -w**3 + 2*w**2 + 2. Suppose 3*c + 35 = -0*c - 2*j, 0 = -2*c + 3*j - 32. Let q = -11 - c. Give m(q).
2
Suppose q + 1 = -0. Let o(l) be the third derivative of -1/6*l**3 + l**2 + 0*l + 1/4*l**4 + 0. Determine o(q).
-7
Let l be 18/(-14) + ((-130)/35 - -4). Let g(z) = -9*z**2 - 1. What is g(l)?
-10
Let c be -6 - (0 + -6 + 3). Let g(f) = f**2 - 3. G